
What is the hundreds digit of 12307?
3
What is the hundreds digit of 945?
9
What is the hundreds digit of 6099?
0
What is the ten thousands digit of 35670?
3
What is the hundreds digit of 936?
9
What is the thousands digit of 37580?
7
What is the units digit of 246?
6
What is the tens digit of 51?
5
What is the thousands digit of 15020?
5
What is the units digit of 7926?
6
What is the thousands digit of 8017?
8
What is the tens digit of 60641?
4
What is the hundreds digit of 59371?
3
What is the tens digit of 505?
0
What is the tens digit of 9171?
7
What is the hundreds digit of 92143?
1
What is the hundreds digit of 15427?
4
What is the tens digit of 2515?
1
What is the tens digit of 5681?
8
What is the units digit of 2865?
5
What is the ten thousands digit of 39918?
3
What is the tens digit of 397?
9
What is the hundreds digit of 12577?
5
What is the tens digit of 4243?
4
What is the units digit of 8095?
5
What is the units digit of 14275?
5
What is the units digit of 919?
9
What is the units digit of 8667?
7
What is the units digit of 178725?
5
What is the hundreds digit of 19209?
2
What is the hundreds digit of 244?
2
What is the hundreds digit of 27971?
9
What is the hundreds digit of 17277?
2
What is the units digit of 478?
8
What is the tens digit of 24766?
6
What is the hundreds digit of 556?
5
What is the units digit of 28381?
1
What is the thousands digit of 32587?
2
What is the hundreds digit of 2670?
6
What is the hundreds digit of 41852?
8
What is the hundreds digit of 1779?
7
What is the hundreds digit of 4186?
1
What is the ten thousands digit of 10954?
1
What is the hundreds digit of 333?
3
What is the ten thousands digit of 82519?
8
What is the hundreds digit of 8667?
6
What is the hundreds digit of 380?
3
What is the ten thousands digit of 31565?
3
What is the tens digit of 1275?
7
What is the tens digit of 70974?
7
What is the units digit of 4693?
3
What is the tens digit of 9258?
5
What is the tens digit of 19244?
4
What is the tens digit of 5914?
1
What is the tens digit of 6449?
4
What is the thousands digit of 1572?
1
What is the hundreds digit of 422?
4
What is the units digit of 10663?
3
What is the tens digit of 613?
1
What is the thousands digit of 5197?
5
What is the tens digit of 2640?
4
What is the thousands digit of 2045?
2
What is the tens digit of 7807?
0
What is the units digit of 1169?
9
What is the hundreds digit of 13660?
6
What is the thousands digit of 17038?
7
What is the hundreds digit of 3414?
4
What is the tens digit of 1053?
5
What is the units digit of 47?
7
What is the hundreds digit of 138?
1
What is the thousands digit of 190660?
0
What is the thousands digit of 1883?
1
What is the hundreds digit of 623?
6
What is the hundreds digit of 951?
9
What is the hundreds digit of 8647?
6
What is the units digit of 9?
9
What is the hundreds digit of 6151?
1
What is the tens digit of 2736?
3
What is the tens digit of 2666?
6
What is the thousands digit of 1253?
1
What is the units digit of 10920?
0
What is the units digit of 10874?
4
What is the thousands digit of 22220?
2
What is the thousands digit of 11358?
1
What is the units digit of 2631?
1
What is the units digit of 936?
6
What is the units digit of 8128?
8
What is the thousands digit of 8343?
8
What is the tens digit of 51722?
2
What is the tens digit of 3457?
5
What is the hundreds digit of 47661?
6
What is the units digit of 5305?
5
What is the thousands digit of 18606?
8
What is the hundreds digit of 4289?
2
What is the units digit of 1098?
8
What is the units digit of 2273?
3
What is the tens digit of 5063?
6
What is the thousands digit of 21666?
1
What is the hundreds digit of 2547?
5
What is the units digit of 186?
6
What is the hundreds digit of 444?
4
What is the units digit of 3007?
7
What is the tens digit of 2676?
7
What is the hundreds digit of 2996?
9
What is the hundreds digit of 1144?
1
What is the hundreds digit of 495?
4
What is the thousands digit of 21600?
1
What is the hundreds digit of 567?
5
What is the hundreds digit of 6154?
1
What is the units digit of 80498?
8
What is the thousands digit of 1366?
1
What is the units digit of 23563?
3
What is the ten thousands digit of 18281?
1
What is the units digit of 906?
6
What is the thousands digit of 3941?
3
What is the thousands digit of 1661?
1
What is the units digit of 13444?
4
What is the tens digit of 150?
5
What is the units digit of 696?
6
What is the units digit of 259?
9
What is the units digit of 39698?
8
What is the ten thousands digit of 13391?
1
What is the hundreds digit of 3035?
0
What is the units digit of 27586?
6
What is the tens digit of 421?
2
What is the ten thousands digit of 126560?
2
What is the thousands digit of 60001?
0
What is the hundreds digit of 2485?
4
What is the units digit of 70?
0
What is the tens digit of 288?
8
What is the units digit of 16288?
8
What is the tens digit of 237?
3
What is the ten thousands digit of 15425?
1
What is the units digit of 9454?
4
What is the hundreds digit of 73258?
2
What is the units digit of 26506?
6
What is the tens digit of 1400?
0
What is the hundreds digit of 4347?
3
What is the tens digit of 50441?
4
What is the units digit of 951?
1
What is the units digit of 742?
2
What is the thousands digit of 33269?
3
What is the units digit of 94250?
0
What is the tens digit of 119297?
9
What is the tens digit of 28434?
3
What is the hundreds digit of 9023?
0
What is the ten thousands digit of 57513?
5
What is the tens digit of 721?
2
What is the hundreds digit of 76194?
1
What is the hundreds digit of 107943?
9
What is the tens digit of 387?
8
What is the tens digit of 18276?
7
What is the thousands digit of 1005?
1
What is the ten thousands digit of 13091?
1
What is the thousands digit of 3770?
3
What is the tens digit of 924?
2
What is the tens digit of 2342?
4
What is the units digit of 255?
5
What is the tens digit of 288?
8
What is the ten thousands digit of 76085?
7
What is the thousands digit of 51576?
1
What is the tens digit of 313?
1
What is the thousands digit of 3683?
3
What is the units digit of 54577?
7
What is the hundreds digit of 3112?
1
What is the hundreds digit of 1579?
5
What is the units digit of 50?
0
What is the ten thousands digit of 116752?
1
What is the hundreds digit of 11553?
5
What is the hundreds digit of 22536?
5
What is the units digit of 7971?
1
What is the units digit of 59792?
2
What is the hundreds digit of 641?
6
What is the ten thousands digit of 43732?
4
What is the hundreds digit of 11059?
0
What is the hundreds digit of 107792?
7
What is the units digit of 33118?
8
What is the thousands digit of 17355?
7
What is the hundreds digit of 6859?
8
What is the tens digit of 1657?
5
What is the hundreds digit of 182?
1
What is the thousands digit of 22110?
2
What is the units digit of 926?
6
What is the tens digit of 18728?
2
What is the ten thousands digit of 67562?
6
What is the units digit of 30117?
7
What is the units digit of 868?
8
What is the ten thousands digit of 18775?
1
What is the ten thousands digit of 16167?
1
What is the tens digit of 741?
4
What is the tens digit of 159279?
7
What is the thousands digit of 14869?
4
What is the units digit of 87855?
5
What is the units digit of 1345?
5
What is the thousands digit of 2210?
2
What is the hundreds digit of 7278?
2
What is the units digit of 14337?
7
What is the ten thousands digit of 83568?
8
What is the thousands digit of 2679?
2
What is the units digit of 16090?
0
What is the thousands digit of 8984?
8
What is the tens digit of 93359?
5
What is the units digit of 2239?
9
What is the units digit of 924?
4
What is the hundreds digit of 915?
9
What is the tens digit of 13368?
6
What is the hundreds digit of 4312?
3
What is the thousands digit of 1065?
1
What is the tens digit of 94?
9
What is the units digit of 22547?
7
What is the units digit of 24557?
7
What is the tens digit of 981?
8
What is the units digit of 1046?
6
What is the tens digit of 898?
9
What is the hundreds digit of 11450?
4
What is the ten thousands digit of 59786?
5
What is the thousands digit of 2013?
2
What is the units digit of 65403?
3
What is the hundreds digit of 36068?
0
What is the hundreds digit of 787?
7
What is the thousands digit of 16349